 r, 0 = -4*s - 3*u + 2*u + 24. What is the units digit of s?
7
Suppose -13*y - 114 = -153. What is the hundreds digit of (7/(-2) + y)/((-3)/1560)?
2
Let o(u) = -5*u + 6 - 12*u**2 + 2*u**3 - 3*u**3 + 12*u**2 + 5*u**2. Suppose 2*s = 5*i - 2*s, -4*s + 36 = 4*i. What is the units digit of o(i)?
2
Let o(p) = -p**3 + 6*p**2 + 8*p - 2. Let y be o(7). Suppose -3*n + y*l = -20, 5*n - 4 = 5*l + 16. Suppose n*w = -2*w + 248. What is the units digit of w?
4
Suppose -5*h = o - 15, 0 = -2*o - 0*o - h + 3. Suppose o = 9*q - 21*q + 7020. What is the hundreds digit of q?
5
Suppose 0 = -3*h + 2*p + 50 + 85, -p = 2*h - 97. Suppose -h*s - 2442 = -50*s. What is the units digit of s?
4
Let w(v) be the first derivative of v**3/3 - 3*v**2 + 7*v + 1. Let h = -1995 + 2008. What is the tens digit of w(h)?
9
Let c be (-43)/(-129) + 32/(-6). What is the units digit of (-2)/((-108)/20 - c)?
5
Let b = -2015 + 4086. Let p = -852 + b. What is the tens digit of p?
1
Let f be (20/60)/(2*2/22548). Let k = 3222 - f. What is the thousands digit of k?
1
Suppose 142471 = 19*p - 206711. What is the units digit of p?
8
Suppose 0 = 4*b + 5*x - 1498, -5*b = 3*x - 0*x - 1866. Let a(o) = -16*o - 592. Let q be a(-37). Suppose v + 5*v - b = q. What is the tens digit of v?
6
Let q be 1 - (1 + 3 - 201). Suppose 74*c = 73*c + q. What is the units digit of c?
8
Let r = -10080 - -20907. What is the tens digit of r?
2
Let a(k) = -7 + 51*k - 55*k - 18. What is the units digit of a(-35)?
5
Let o(i) = -13*i**2 + 6 + 0 + 14*i**2 - 3*i**2 + 45*i. What is the tens digit of o(13)?
5
Let y = 112497 + -31275. What is the hundreds digit of y?
2
Let z be 21/14 - 42/(-4). What is the tens digit of -76*(25/(-4) + (-3)/z)?
9
Let u = -1577 - -1087. Let y = 58 - u. What is the tens digit of y?
4
Suppose 796*z - 747*z - 486325 = 0. What is the hundreds digit of z?
9
Let b(i) = 2*i**2 - 2*i - 916. What is the thousands digit of b(64)?
7
Let l = 30595 + -12011. What is the ten thousands digit of l?
1
Suppose 276*x + 286*x - 553*x = 20412. What is the thousands digit of x?
2
Suppose -94*a = -87*a - 189. Let n = a + 116. What is the hundreds digit of n?
1
Let k(s) = 57*s**2 + 39*s - 559. What is the ten thousands digit of k(16)?
1
Suppose -g = h + 807, 7*g = -h + 5*g - 810. Let j = 2644 + h. What is the units digit of j?
0
What is the tens digit of 34*211 + 4/((-44)/(-77))?
8
Let a be (-10)/6*(-24)/20. What is the tens digit of ((9744/(-18))/(-7))/(a/9)?
4
Let h(a) = 13*a**2 + 13*a + 48. What is the units digit of h(-13)?
6
Suppose -k + 5 = 5. What is the tens digit of (k - (-93)/(-2))*(-48)/36?
6
Let z(m) = -m**3 + 64*m**2 + 83*m - 120. What is the thousands digit of z(56)?
9
Let a(l) = 2*l**3 - 58*l**2 + 24*l - 438. What is the tens digit of a(35)?
0
Suppose 0 = -233*l - 23 - 404 - 39. Let s(p) be the third derivative of -7*p**6/30 + p**5/15 + 7*p**4/24 + 5*p**3/6 - 2*p**2. What is the units digit of s(l)?
1
Let s(z) = -99*z - 8736. What is the units digit of s(-198)?
6
Let j(y) be the second derivative of y**5/20 + 13*y**4/12 - 3*y**3/2 + 12*y**2 + 21*y. Let w be j(-13). Let g = w + -40. What is the hundreds digit of g?
1
Let v(c) = -321*c - 776. What is the hundreds digit of v(-46)?
9
Let t = -39389 - -79707. What is the ten thousands digit of t?
4
Suppose 38*q - 74*q - 69876 = -45*q. What is the tens digit of q?
6
Let w(a) = 18*a**2 - 3 - 310*a + 147*a + 0 + 154*a. What is the tens digit of w(-4)?
2
Suppose -2*f - 8 = -2*j, 2*j = -j - 2*f + 22. Suppose j*o = 3*o + 228. Suppose 0*z = 4*l + 3*z - 319, o = l - 3*z. What is the units digit of l?
9
What is the units digit of 3/(-2)*2 + (551 - -4330)?
8
Let l = -2750 - -14860. What is the ten thousands digit of l?
1
Let q(u) = 233*u - 6. Let a be q(4). Suppose -a = 75*b - 77*b. What is the tens digit of b?
6
What is the ten thousands digit of ((-84)/18)/14 - (2 - (-130377)/(-9))?
1
Suppose -11*l + 14*l = -8*l + 110759. What is the thousands digit of l?
0
Let y be (-1)/(-2)*1 - (-9)/(-2). Let q = y - -7. Suppose -3*o = -4*t - 19, q*o + t - 4*t - 18 = 0. What is the units digit of o?
5
Suppose 2*v + 6*f = 7*f + 44599, -2*v - 5*f = -44605. What is the tens digit of v?
0
Suppose -3*n - 13 = -10, 2*n - 78 = -5*y. Suppose -y*v + 14653 = -13395. What is the units digit of v?
3
Let g = 160 + -243. Let w = g + 91. Suppose -3*h - 1355 = -w*h. What is the units digit of h?
1
Let f be (1 + 1)*(-11)/(-11). Suppose -f*q + 2*k + 274 = 0, k = 2 + 3. What is the units digit of (q/3)/(2/3)?
1
Let d(o) = -36*o**3 + 15*o**2 + 83*o + 30. What is the thousands digit of d(-7)?
2
Suppose 5*f = 2*u - 21, -2*f = 4 - 6. Suppose 0*q = 3*q + 9, -2*q - 22 = -4*h. Suppose u*d - h*d = 1197. What is the units digit of d?
3
Suppose 7*g + 242 - 1901 = 0. Suppose g + 427 = 8*u. What is the units digit of u?
3
Let x = 120 + -17. Suppose 143 = -3*n - x. Let g = n + 117. What is the units digit of g?
5
Suppose -b + 5*t = -12599, 63067 = 5*b + 8*t - 9*t. What is the units digit of b?
4
Let o = 2782 - -6386. What is the thousands digit of o?
9
Suppose 32701 = 2*p + 5*f, -16346 = -288*p + 287*p - f. What is the ten thousands digit of p?
1
Let g(d) = 75*d - 35. Let q be g(7). Suppose 4*t + 2*u - 380 = 0, 5*u + 0*u + q = 5*t. What is the units digit of t?
6
Suppose 5090220 + 15958756 - 3998281 = 435*o. What is the ten thousands digit of o?
3
Let o(v) = v**3 - 60*v**2 - 146*v + 187. What is the units digit of o(63)?
6
Suppose -10*n = -20124 - 24706. What is the hundreds digit of n?
4
Let v = 86 + -142. Let u = 220 + v. What is the hundreds digit of u?
1
Let d(j) be the first derivative of 9*j**2/2 - 9. Let n(z) = z**2 + 10*z. Let o(h) = -3*d(h) + 2*n(h). What is the tens digit of o(5)?
1
Suppose -4*j + 84 = -2*j. Suppose -5*t + 27 = 2*v + 3, 5*v - 5*t = -10. What is the units digit of j/3 - (v + (0 - 2))?
4
Suppose -232425 = -11*a + 20091. What is the thousands digit of a?
2
Let s(j) = -43*j - 251. Let i be s(-6). What is the hundreds digit of 138*((-808)/(-48) - i)?
3
Let m(b) = -b**2 - 6*b + 2. Let k be m(-5). Let i be (-3)/(-5)*(k + -2). Suppose -w - 250 = -5*x, 127 + 25 = i*x - w. What is the tens digit of x?
4
Suppose -5*w + 40 = -3*r - 1980, 3*w + 2*r - 1212 = 0. Suppose 5*u - 3*z - 1404 = -354, -2*z = 2*u - w. What is the tens digit of u?
0
Let g(m) = 37*m**2 + m + 5. Let s(r) = -73*r**2 - 11. Let u(z) = 9*g(z) + 4*s(z). What is the hundreds digit of u(-3)?
3
Let f(h) = 105*h - 149. Let y be f(11). What is the tens digit of (-8)/(-1) + -1 + y?
1
Let y be (1/((-10)/6))/(4/(-20)). Suppose 0 = 2*p + v - 21 + 1, 4*p - y*v = 30. Suppose 11*u - p = 10*u. What is the units digit of u?
9
Let y(p) = p**3 + 65*p**2 + 83*p + 362. What is the hundreds digit of y(-62)?
7
Let a = 46005 + -24671. What is the ten thousands digit of a?
2
Suppose 22*g - 54*g = 47*g - 1415048. What is the tens digit of g?
1
Suppose 15*n + 457 - 1672 = 0. What is the units digit of n?
1
Let i(y) = 6*y**3 - 29*y**2 - 200*y - 49. What is the tens digit of i(20)?
5
Let g = -469 - -435. Let c(a) = a**2 + 17*a + 39. What is the tens digit of c(g)?
1
What is the tens digit of ((-1116)/(-434))/((-2)/(-2800))?
0
Let p(g) be the second derivative of 35*g**5 - g**4/12 - g**3/3 + g**2 + 17*g - 1. What is the hundreds digit of p(1)?
6
Let x(j) = -j + 10. Let h be x(8). Let r(l) = -147*l**h + 5 - l + 2*l - l**3 + 148*l**2. What is the units digit of r(0)?
5
Let r(t) = -t**3 + 11*t**2 + 29*t + 9. Let v(c) = 5*c**2 + 2*c + 4. Let z be v(-3). Suppose 3*m - 3*j = 45, -3*m + j + z = -j. What is the units digit of r(m)?
8
Suppose -4*j = -2*m + 3434, m - 4*j - 2073 = -364. Suppose -11*o - m = -6015. What is the hundreds digit of o?
3
Let h be (0/3)/((-60)/20). Suppose 2*w - p - 1208 = -3*p, 5*w + 4*p - 3017 = h. What is the units digit of w?
1
Suppose -15*y = -y - 82418. What is the hundreds digit of y?
8
Let k(j) = j**2 - 25*j + 26. Let p be k(24). What is the tens digit of 1/p*1088 - 4?
4
Let w = -64 - -64. Let t be (4 - w)/((-11)/11). What is the hundreds digit of (-1)/(2/177)*t/3?
1
Let z be 4*(-7)/(-266) - (-186)/38. Suppose 146 = 2*g - 3*o, -z*g + 252 = -g + 4*o. What is the units digit of g?
7
Let n = 46 + -52. Let z be 6*(-3)/n + 5/(-5). Suppose -z*g + 200 = -2*t, -4*g - 7*t = -2*t - 373. What is the tens digit of g?
9
Let k(a) = 25*a**2 + 351*a - 